{"id":761,"date":"2018-07-10T12:52:33","date_gmt":"2018-07-10T15:52:33","guid":{"rendered":"https:\/\/isa-juj.infd.edu.ar\/sitio\/?page_id=761"},"modified":"2021-02-26T11:05:44","modified_gmt":"2021-02-26T14:05:44","slug":"seccion-alumnos","status":"publish","type":"page","link":"https:\/\/isa-juj.infd.edu.ar\/sitio\/seccion-alumnos\/","title":{"rendered":"Secci\u00f3n Alumnos"},"content":{"rendered":"<h4>En este lugar podr\u00e1s encontrar documentaci\u00f3n de importancia<\/h4>\n<ul>\n<li style=\"text-align: left;\">\n<h1><a href=\"https:\/\/forms.gle\/Uhsuuqv3mS2LKukF6\">Pre &#8211; Inscripciones 2021<\/a><\/h1>\n<\/li>\n<\/ul>\n<h5 style=\"text-align: center;\"><a href=\"https:\/\/isa-juj.infd.edu.ar\/sitio\/wp-content\/uploads\/2021\/02\/Pre-Inscripcion-.pdf\" target=\"_blank\" rel=\"noopener\">Aqu\u00ed podr\u00e1s ver los alumnos pre inscriptos a la fecha<\/a><\/h5>\n<ul>\n<li style=\"text-align: left;\">\n<h1><a href=\"https:\/\/forms.gle\/M4GC2d8RosoaaRKQ9\">Inscripciones para cursado de materias 2021<\/a><\/h1>\n<\/li>\n<li style=\"text-align: left;\">\n<h1><a href=\"https:\/\/forms.gle\/LG2nXaP7ZFDjmvaT6\">Inscripciones Mesas Examinadoras\u00a0Ordinarias &#8211; Turno Marzo 2021<\/a> &#8211; <a href=\"https:\/\/isa-juj.infd.edu.ar\/sitio\/wp-content\/uploads\/2021\/02\/EXAMANES-TURNO-FEBRERO-2021.pdf\" target=\"_blank\" rel=\"noopener\">Cronograma<\/a><\/h1>\n<\/li>\n<\/ul>\n<p>, \u0301 .R\u00e9gimen Acad\u00e9mico Provincial Descargar<a title=\"RAP\" href=\"upload\/RESOLUCION_N_6815.pdf\" target=\"_blank\" rel=\"noopener\"> RAP<\/a><\/p>\n<ul>\n<li>Plan de <a href=\"https:\/\/isa-juj.infd.edu.ar\/sitio\/wp-content\/uploads\/2020\/04\/Estructura-curricular-PEC-Resol-2350-E-15.pdf\">Estudio Profesorado de Expresi\u00f3n Corporal<\/a><\/li>\n<li>Plan de <a href=\"https:\/\/isa-juj.infd.edu.ar\/sitio\/wp-content\/uploads\/2020\/04\/Estructura-Curricular-PDEC-Resolucion-13937-E-19.pdf\">Estudio Profesorado de Danza con Orientaci\u00f3n en Expresi\u00f3n Corporal<\/a><\/li>\n<li>R\u00e9gimen de correlatividades Profesorado de Danza con Orientaci\u00f3n en Expresi\u00f3n Corporal <a href=\"https:\/\/isa-juj.infd.edu.ar\/sitio\/wp-content\/uploads\/2020\/12\/2383-E-20-CORRLEATIVIDADES-DANZA.pdf\">Resoluci\u00f3n N\u00b0 2383-E-20\u00a0\u00a0<\/a><\/li>\n<\/ul>\n<p>&nbsp;<\/p>\n<ul>\n<li>\n<h1><strong>DIAGN\u00d3STICO DE INGRESO 2021<\/strong><\/h1>\n<\/li>\n<\/ul>\n<pre><a href=\"https:\/\/docs.google.com\/forms\/d\/e\/1FAIpQLScrxtSpgCdGO9plapCuLyndFkxRq34kGLG4lmRd03IIiUNwkw\/viewform\">https:\/\/docs.google.com\/forms\/d\/e\/1FAIpQLScrxtSpgCdGO9plapCuLyndFkxRq34kGLG4lmRd03IIiUNwkw\/viewform<\/a><\/pre>\n<p>&nbsp;<\/p>\n","protected":false},"excerpt":{"rendered":"<p>En este lugar podr\u00e1s encontrar documentaci\u00f3n de importancia Pre &#8211; Inscripciones 2021 Aqu\u00ed podr\u00e1s ver los alumnos pre inscriptos a la fecha Inscripciones para cursado de materias 2021 Inscripciones Mesas Examinadoras\u00a0Ordinarias &#8211; Turno Marzo 2021 &#8211; Cronograma , \u0301 .R\u00e9gimen Acad\u00e9mico Provincial Descargar RAP Plan de Estudio Profesorado de Expresi\u00f3n Corporal Plan de Estudio Profesorado &#8230; <a title=\"Secci\u00f3n Alumnos\" class=\"read-more\" href=\"https:\/\/isa-juj.infd.edu.ar\/sitio\/seccion-alumnos\/\" aria-label=\"More on Secci\u00f3n Alumnos\">[+]<\/a><\/p>\n","protected":false},"author":9,"featured_media":0,"parent":0,"menu_order":0,"comment_status":"closed","ping_status":"closed","template":"","meta":[],"acf":[],"_links":{"self":[{"href":"https:\/\/isa-juj.infd.edu.ar\/sitio\/wp-json\/wp\/v2\/pages\/761"}],"collection":[{"href":"https:\/\/isa-juj.infd.edu.ar\/sitio\/wp-json\/wp\/v2\/pages"}],"about":[{"href":"https:\/\/isa-juj.infd.edu.ar\/sitio\/wp-json\/wp\/v2\/types\/page"}],"author":[{"embeddable":true,"href":"https:\/\/isa-juj.infd.edu.ar\/sitio\/wp-json\/wp\/v2\/users\/9"}],"replies":[{"embeddable":true,"href":"https:\/\/isa-juj.infd.edu.ar\/sitio\/wp-json\/wp\/v2\/comments?post=761"}],"version-history":[{"count":57,"href":"https:\/\/isa-juj.infd.edu.ar\/sitio\/wp-json\/wp\/v2\/pages\/761\/revisions"}],"predecessor-version":[{"id":1150,"href":"https:\/\/isa-juj.infd.edu.ar\/sitio\/wp-json\/wp\/v2\/pages\/761\/revisions\/1150"}],"wp:attachment":[{"href":"https:\/\/isa-juj.infd.edu.ar\/sitio\/wp-json\/wp\/v2\/media?parent=761"}],"curies":[{"name":"wp","href":"https:\/\/api.w.org\/{rel}","templated":true}]}}